) = r**2 + 4*r + 2. Let z be ((-1)/(-6)*2)/(12/216). Let h = z + -11. Give d(h).
7
Let x(l) be the first derivative of -l**4/4 + 4*l**3/3 - 3*l**2/2 + 2*l + 282. Let f = 3 + 1. Give x(f).
-10
Let s(d) = -d**3 + 8*d**2 + 8*d + 2. Let p(j) = -16*j - 55. Let v be p(-4). Give s(v).
-7
Suppose -172*i + 147*i - 100 = 0. Let o(t) be the third derivative of -t**5/60 - 5*t**4/24 - 2*t**2. What is o(i)?
4
Let k(z) = 8*z - 3. Let o(w) = -2*w. Let p(h) = 2*k(h) + 9*o(h). Determine p(3).
-12
Suppose -2*k - 4*o + 13 = o, 14 = -5*k + 3*o. Let f(v) = 4*v - 4*v**2 - v**2 - 1 - 5*v. Give f(k).
-5
Let t = -77 - -99. Let d(u) = -u**3 + 45 - 18 - u - t. Let f be (3/6*0)/(-2). Give d(f).
5
Let l be 1*3*(-46)/(-3). Let z be (-52)/(-5) - l/115. Let q(y) = -y**3 + 9*y**2 + 8*y + 11. Calculate q(z).
-9
Let m(r) = 7*r - 4. Let q(d) = -d**3 + 15*d**2 + 17*d - 19. Let t be q(16). Give m(t).
-25
Let z(k) = 11*k**3 + 31*k**2 - 7*k + 35. Let q(n) = 2*n**3 + n**2 - n + 1. Let f(a) = 6*q(a) - z(a). Calculate f(25).
-4
Let d(b) be the first derivative of -b**2/2 - 3*b + 7. Let o be ((-168)/(-32))/(6/8). Give d(o).
-10
Suppose -25*f - 24 = -31*f. Let j(y) = -4*y**2 - f*y + 2 - 4*y**2 + 7*y**2. Give j(-5).
-3
Let f(k) be the first derivative of -k**3/3 + 7*k**2/2 - 15*k + 95. Calculate f(6).
-9
Let f(d) = 5*d**2 - 10*d - 62. Let u(y) = -3*y**2 + 8*y + 31. Let j(o) = -4*f(o) - 7*u(o). Give j(13).
-8
Let f(a) be the first derivative of 5*a**2/2 - a - 4. Let q(g) = -11*g + 3. Let t(h) = -7*f(h) - 3*q(h). Determine t(2).
-6
Let n(v) be the second derivative of -v**4/12 - v**3/6 - 207*v. Determine n(-1).
0
Let u be (13/(-39))/(44/(-15) - -3). Let i(y) = 4*y + 16. What is i(u)?
-4
Let k be 1/(-3)*3*(-2 - -3). Let u(t) = -22*t**2 + t. Give u(k).
-23
Let l be -3*(-2 - 2/(-6)). Let w(n) be the first derivative of -n**3/3 + 5*n**2/2 + 4*n + 903. Calculate w(l).
4
Let f(t) = -t**3 + 7*t**2 - 5*t - 2. Let j = 19 + -19. Suppose 0*b + 3*b = j. Suppose v + 17 - 23 = b. What is f(v)?
4
Let g(k) = -4*k + 0*k + 6*k. Let r = -27 + 38. Let c = r - 12. Calculate g(c).
-2
Let j(d) = -7*d + 5. Let f(x) = 20*x - 14. Let w(n) = 4*f(n) + 11*j(n). Let v be w(-1). Let r(l) = l**2 - 2*l**2 - 2*l + 39 + 9 + 3 - 55. Calculate r(v).
-12
Let n be ((-16)/64)/(1/24). Let i(r) = 2*r + 1. Calculate i(n).
-11
Let r(v) = -100*v - 105*v + 314*v - 104*v - 10. Determine r(4).
10
Let x(b) = -b**2 - 6*b + 10. Let y = 190 - 197. Calculate x(y).
3
Let v(k) = k. Suppose -8*m = -2*m - 240. Let t be 10/15 - m/6. Let i be t/(-3) + (4 - 6). Give v(i).
0
Let g(h) = -2*h - 9. Suppose -l - 49 = 5*w, -w + l - 5 = -0*w. Calculate g(w).
9
Suppose 2*x + 0*x = 4*r + 40, -2*r = -4*x + 50. Suppose v = 6*v - x. Let u(h) = -3*h**2 - v*h + h**3 + 3*h**2 + 0*h - 3*h**2. Determine u(4).
8
Let a = 1388 - 1389. Let p(r) be the first derivative of 5*r**2 + r - 1. Determine p(a).
-9
Let g(q) = 8*q + 48. Let b(y) = -4*y - 23. Let c(j) = 5*b(j) + 2*g(j). Determine c(-13).
33
Let i(a) be the second derivative of 3*a**5/4 - a**4/12 + a**3/6 - 105*a. Let x(y) = -2*y + 8. Let c be x(7). Let q be 4/c*(-12)/8. Determine i(q).
15
Let t(m) = -m**3 + 6*m**2 - 8*m + 3. Let n = -281 + 286. Calculate t(n).
-12
Let o(x) = -x**3 - 3*x**2 - x - 20. Let n be o(-4). Let g(s) = -s**2 - s + 4. Determine g(n).
4
Let f(d) = 2*d**2 - 4*d. Let l(m) = m**2 - 12*m + 36. Let b be l(8). Calculate f(b).
16
Let r = -86 + 96. Let l = r + -8. Let k(m) = m + 1. Give k(l).
3
Let l be (-63)/(-9)*(-2)/(-7). Suppose -4*b + 0 + 2 = l*i, -5*i + 5*b = 55. Let f(p) = p + 8. Give f(i).
1
Let j(m) = m**2 + 5*m + 13. Let h(v) = -3*v**2 - v. Let w be h(0). Calculate j(w).
13
Let g(m) = 3 + m**3 + 0*m + 113*m**2 + 3*m - 121*m**2. What is g(7)?
-25
Let c be 3*(-2 - (2 - 5)). Suppose -c*y - 23 + 5 = 0. Let x(p) be the second derivative of -p**5/20 - 7*p**4/12 - 5*p**3/6 + 2*p**2 - 2*p. Give x(y).
-2
Let h(j) = 2*j**2 + 3*j + 1. Suppose 15 = -4*q + 3*s, 6*s = -5*q + 8*s - 17. Calculate h(q).
10
Let s(j) = 0*j - 2 + 0*j**2 - 5*j**2 - 180*j**3 + 181*j**3 - 2*j. Give s(6).
22
Let j(a) = 13*a - 7. Let t(w) be the first derivative of -7*w**2/2 + 4*w + 4. Let m(z) = 3*j(z) + 5*t(z). What is m(3)?
11
Suppose -6 = -3*n + 2*a + a, 8 = 4*a. Let l(q) = -2*q**3 + q**3 + n*q**2 - 5 + q**2. Suppose 272*p + 12 = 275*p. Determine l(p).
11
Let v(z) = -10*z**2 + z. Suppose -c - 41 = -43. Calculate v(c).
-38
Let g = -27 - -34. Suppose 3 = i + g. Let v(o) = 4*o + 7. Let p(m) = 17*m + 29. Let w(d) = 2*p(d) - 9*v(d). Calculate w(i).
3
Let x(g) be the first derivative of g**3/3 + 5*g**2/2 - 2*g + 3. Determine x(-4).
-6
Let k be 2/(-1 - 3 - -5). Suppose 0 = -o + 2*x - 6, 7*x - 25 = 2*x. Suppose m = o*m - i - 1, -k*m = -5*i + 8. Let q(f) = -2*f**3 + f**2 - 1. Give q(m).
-2
Let u(y) be the second derivative of -3*y**3/2 + 3*y**2 - 212*y. Calculate u(1).
-3
Let p be (-12)/42 - (-44)/7. Let v(s) = 5*s**3 + 7*s**2 - 17*s - 16. Let t(o) = 2*o**3 + 4*o**2 - 8*o - 8. Let r(w) = -7*t(w) + 3*v(w). Calculate r(p).
2
Let z(r) = 9*r + 39 + 29 - 19 - 5*r. Give z(-13).
-3
Let r(l) be the first derivative of -3*l**2/2 - 7*l - 7. Give r(-4).
5
Let m(k) be the first derivative of k**3/3 + 7*k**2 + 18*k - 74. Give m(-13).
5
Let n be (-1 - -2)*-4 - (-1924)/480. Let g(r) be the third derivative of 2*r**2 + 0 + 0*r**4 + 0*r - 5/3*r**3 - 7/60*r**5 - n*r**6. What is g(-7)?
-10
Let a be (24/(-28))/((-3)/21). Let w(o) = -5 - 8*o + 0 + a + 13*o. Give w(-1).
-4
Suppose 136 - 168 = -8*m. Let n(g) = -g + 3. Determine n(m).
-1
Let x be ((-33)/(-22))/(10/(-4))*5. Let n(t) = 2*t - 10. Let j(q) = -1. Let d(o) = 22*j(o) - 2*n(o). Calculate d(x).
10
Let n = 8 + -23. Let s be (-2)/5 + 9/n. Let z(o) be the third derivative of o**6/15 - o**4/24 - o**3/6 - 2*o**2. What is z(s)?
-8
Let d(z) = 3*z - 1. Let s = -18 + 32. Let u = 8 - s. Let v be (u/(-9))/(14/(-63)). Determine d(v).
-10
Let l be 5 - (0 - -1)/(-1). Suppose -w + 26 = 3*o - l*w, o - 5*w = 22. Suppose o*y - h = -9, h = 5*y - 3*h + 18. Let k(n) = -2*n - 8. Calculate k(y).
4
Let x(s) = s**2 + 11*s - 15. Let c be x(-14). Let f = c + -23. Let q be f - 4 - -1 - 2. Let y(a) = -15*a + 1. What is y(q)?
16
Let y(n) = n**2 + 2*n. Let m be y(-2). Suppose m = 2*d - 4 - 14. Let b = d - 9. Let t(z) = -z**2 + 2. Calculate t(b).
2
Let u(h) = h**3 - 6*h**2 - 8*h + 3. Let b be 158/22 + 22/(-121). What is u(b)?
-4
Let b be 0 + 8/4 + 1. Let c(h) be the second derivative of 0*h**2 + 1/4*h**4 + 0*h**b + 5*h + 0. Determine c(-1).
3
Let c(j) be the second derivative of j**3/6 + 3*j**2 + 13*j. Calculate c(-6).
0
Suppose 6*u - 3*u - 12 = -3*l, 4*u - l + 9 = 0. Let m be 1/(u - (-1)/2). Let z(w) = -3 + 0 - 4*w + w. What is z(m)?
3
Let t(u) = u + 3. Let h = -36 + 42. Let x(g) = 2*g + 6. Let k(q) = h*x(q) - 11*t(q). Determine k(-6).
-3
Let a(q) = 25*q**2 + 18*q - 5. Let y(h) = 46*h**2 + 35*h - 10. Let x(f) = -11*a(f) + 6*y(f). Give x(-13).
8
Suppose 3*g - 5*g = -4*q - 38, 2*q = 2*g - 30. Let a(s) = s**3 - 11*s**2 + 4*s - 9. Calculate a(g).
35
Let x(o) = -o**2 + 9*o - 10. Let j(u) = -u**3 + 18*u**2 - 33*u + 24. Let r be j(16). What is x(r)?
-2
Let k be (-6)/(-9)*-6 + 1. Let m = k + 1. Let q(j) = -j**3 - j. What is q(m)?
10
Let i(b) = -b**3. Suppose 0 = -4*d + 9 + 39. Let x = 3 + 7. Let l = d - x. Give i(l).
-8
Let o(c) = c**3 + 6*c**2 + c + 8. Suppose k = 4*z + 19, 3*k - z = 4*z + 22. Let s = -37 + 40. Let v be (-6 - (-4 + s)) + k. What is o(v)?
2
Let m(y) = 3*y**2 - 6*y - 2. Let b(u) = -2*u**2 + 5*u + 2. Let t be 16/8 + -2*3. Let w(z) = t*b(z) - 3*m(z). Give w(-2).
-2
Suppose -4*j + d - 3 = -19, 2*d = -3*j + 12. Let i(c) be the first derivative of c - j + 11/2*c**2. Give i(1).
12
Let i(t) = -t**2 + 8*t - 9. Let r be i(6). Suppose -s = -f + r*f, 6 = 4*f - s. Let h(m) = m**3 - 4*m**2 + f + 0*m**2 + m + 6*m**2. Give h(-2).
-1
Suppose 7*s - 32 = 3*s + 4*w, 0 = 2*s + 2*w. Suppose 21 = -g - 4*m, -5*g + 14 = -s*m - 1. Let j be (g/3 - 0)*-12. Let d(t) = -3*t + 3. Determine d(j).
-9
Let g(l) = -9*l**3 - 14*l**2 - 15*l + 5. Let t(h) = 7*h**3 + 13*h**2 + 12*h - 6. Let y(f) = 4*g(f) + 5*t(f). Let q be (-8)/2*(-18)/8. Determine y(q).
-10
Let y(w) = -w**3 - 5*w**2 - 4*w - 2. Let i(p) = p**2 + 9*p - 5. Let r be i(-10). Suppose -r + 9 = -g. Calculate y(g).
-2
Let c(f) = 27 - 7 + f**3 + f - 1 - 11. Calculate c(0).
8
Let q(c) = -c**2 - c + 1. L